k) = -k**3 - 46*k**2 + 27*k + 1729. Give b(-46).
487
Let d(i) = -2*i**2 + 620*i - 2485. What is d(306)?
-37
Let o(u) = -u**3 + 13*u**2 - 23*u + 1279. Give o(18).
-755
Let q(i) = 2636*i + 8546. What is q(-3)?
638
Let w(o) = o**2 - 274*o - 14367. Determine w(319).
-12
Let u(w) = w**2 - 1696*w - 34263. What is u(-20)?
57
Let x(c) = 3*c**3 - 174*c**2 + 1591*c + 2969. What is x(46)?
-21
Let f(z) = -592*z - 17007. Determine f(-28).
-431
Let p(k) = k**3 + 1725*k**2 - 17343*k - 56. Give p(10).
14
Let k(t) = -t**3 - 12*t**2 - 531*t - 3531. What is k(-7)?
-59
Let c(g) = -5521185*g - 16563560. What is c(-3)?
-5
Let v(g) = -7*g**3 + 23*g**2 - 2429*g + 7263. Calculate v(3).
-6
Let v(b) = -b**3 - 139*b**2 + 17252*b - 2355. What is v(79)?
15
Let v(g) = -g**3 - 85*g**2 - 701*g - 1293. Determine v(-76).
-1
Let q(y) = 1797*y - 37596. Calculate q(21).
141
Let s(p) = -8*p**2 - 100*p + 43. Give s(-13).
-9
Let z(g) = -16405*g**2 + 623392*g - 67. Calculate z(38).
9
Let r(m) = m**3 - 85*m**2 + 1616*m + 250. Determine r(29).
18
Let j(o) = -6*o**2 + 1109*o + 123017. Determine j(-78).
11
Let m(c) = 28414*c + 1306692. Determine m(-46).
-352
Let f(n) = n**2 + 21862*n + 371362. Calculate f(-17).
-3
Let x(i) = -8*i**2 + 188*i - 218. What is x(20)?
342
Let z(k) = -132*k**2 + 650*k - 160. Give z(7).
-2078
Let j(a) = -2*a**3 + 93*a**2 + 40*a - 36. Determine j(47).
-365
Let n(d) = d**2 + 562*d - 35929. Calculate n(58).
31
Let p(u) = 2*u**3 + 236*u**2 + 3096*u + 624. Calculate p(-103).
6
Let p(k) = 37*k**2 - 1403*k - 1. Determine p(37).
-1259
Let p(v) = 303*v - 21291. What is p(62)?
-2505
Let o(m) = 3*m - 1124. What is o(-28)?
-1208
Let f(t) = 3*t**3 + 8*t**2 + 376*t + 1749. What is f(-5)?
-306
Let l(c) = -17*c + 5100. What is l(316)?
-272
Let u(l) = l**3 + 471*l**2 - 1315*l + 50744. What is u(-474)?
26
Let l(n) = 83*n**3 + 276*n**2 - 205*n - 1. What is l(-4)?
-77
Let c(g) = -g**3 - 10*g**2 - 31*g. What is c(-3)?
30
Let m(o) = -16*o**2 + 934*o + 3965. Calculate m(-4).
-27
Let o(c) = -54*c**2 + 51*c + 287. Give o(-7).
-2716
Let z(s) = -19*s**2 + 194*s - 645. Give z(4).
-173
Let k(r) = 33*r**3 + 2258*r**2 + 985*r + 2269. Calculate k(-68).
25
Let t(y) = y**3 - 81*y**2 + 1724*y - 6707. Give t(5).
13
Let w(h) = -h**3 - 75*h**2 + 141*h + 4662. What is w(-76)?
-278
Let f(p) = 25659*p - 25656. What is f(1)?
3
Let o(w) = 76425*w + 610883. What is o(-8)?
-517
Let q(b) = -203*b + 17042. What is q(84)?
-10
Let i(w) = -205*w - 27654. What is i(-135)?
21
Let z(d) = -9*d**2 - 54*d - 682. Determine z(-11).
-1177
Let b(u) = 5292*u + 2407795. Calculate b(-455).
-65
Let w(f) = 8*f**3 - 48*f**2 + 85*f - 6. Calculate w(2).
36
Let d(g) = -g**3 + 84*g**2 + 358*g + 314. Give d(88).
842
Let w(k) = -64*k**2 + 2062*k + 11907. What is w(-5)?
-3
Let i(a) = a**3 - 11*a**2 + 1618*a - 17813. Calculate i(11).
-15
Let d(c) = -245*c - 3926. Give d(-16).
-6
Let u(n) = -n**2 + 240*n + 78717. Determine u(-185).
92
Let z(f) = -2*f**3 + 15*f**2 + 1365*f + 6587. Determine z(-5).
387
Let y(t) = 95646*t - 2008532. What is y(21)?
34
Let b(z) = 147061*z - 1029434. Determine b(7).
-7
Let i(b) = -2*b**2 + 81*b - 269. Determine i(27).
460
Let u(m) = m**3 - 46*m**2 - 18287*m + 7512. Determine u(160).
-8
Let y(a) = -a**2 + 66*a + 4849. What is y(110)?
9
Let i(v) = 12230*v + 122290. Calculate i(-10).
-10
Let r(n) = 152*n - 1147. What is r(8)?
69
Let f(u) = 151*u**2 + 872*u - 204. Determine f(-6).
0
Let z(k) = -24*k**2 + 1368*k + 25963. Determine z(-15).
43
Let b(m) = -3318*m**2 - 53077*m. What is b(-16)?
-176
Let i(c) = 13991*c + 81939. Determine i(-6).
-2007
Let d(x) = 1480*x - 1302373. Determine d(880).
27
Let a(n) = -n**3 + 37*n**2 + 1187*n + 6559. Calculate a(59).
10
Let u(p) = -2*p**3 - 37*p**2 + 17*p - 834. Give u(-20).
26
Let c(k) = 37*k**3 + 1622*k**2 - 241*k + 1094. Determine c(-44).
82
Let z(o) = 4*o**2 - 2162*o + 15989. Give z(533).
-1
Let t(c) = -45597*c - 2051886. What is t(-45)?
-21
Let n(c) = 2*c**2 + 363*c - 1829. Determine n(5).
36
Let l(s) = s**2 + 333*s - 148594. Calculate l(254).
504
Let f(g) = -134610*g + 808056. Determine f(6).
396
Let m(o) = 118*o**2 - 400*o + 7. Give m(4).
295
Let g(f) = 1980*f - 55847. What is g(28)?
-407
Let r(z) = z**3 + 12*z**2 - 50*z - 613. Calculate r(-9).
80
Let u(p) = 15*p**2 - 558*p - 1741. Determine u(-3).
68
Let l(k) = 12*k**2 + 26963*k - 80900. Determine l(3).
97
Let c(z) = -z**3 + 520*z**2 - 6583*z - 105. Calculate c(13).
-1
Let i(m) = -m**3 - 378*m**2 + 5030*m + 526. Determine i(13).
-163
Let y(u) = -7476*u + 7474. Give y(1).
-2
Let a(u) = u**2 + 108334*u - 541681. Give a(5).
14
Let v(u) = -111728*u + 2234566. Give v(20).
6
Let z(q) = 269*q**2 - 43329*q + 3179. Calculate z(161).
-41
Let y(p) = -6*p**2 + 880*p + 2652. Give y(-3).
-42
Let z(s) = -57964*s - 2144557. Calculate z(-37).
111
Let u(z) = 224*z**2 + 1620*z + 361. Calculate u(-7).
-3
Let t(n) = -1398*n - 1042. What is t(-1)?
356
Let j(h) = -783*h - 137859. Give j(-176).
-51
Let x(p) = -p**3 + 39*p**2 - 81*p + 990. What is x(37)?
731
Let z(a) = 9*a**3 - 27*a**2 - 554*a + 1661. Determine z(3).
-1
Let z(c) = -4*c**3 + 4253*c**2 - 14*c + 5. What is z(0)?
5
Let f(k) = 461*k**3 + 212*k - 213. Calculate f(1).
460
Let y(j) = 1163*j + 85966. Determine y(-74).
-96
Let q(d) = -d**3 - 86*d**2 + 2498*d + 223. Determine q(23).
16
Let c(q) = 984*q + 198776. Give c(-202).
8
Let z(v) = -17*v**2 + 919*v - 7188. What is z(9)?
-294
Let u(z) = -8631*z - 86189. Give u(-10).
121
Let t(o) = -6386691*o - 19160074. Determine t(-3).
-1
Let t(x) = -2*x**2 + 299*x - 7910. Calculate t(38).
564
Let l(g) = -g**2 + 495*g - 13969. Give l(30).
-19
Let v(z) = -3*z**3 - 49*z**2 - 17*z - 428. What is v(-15)?
-1073
Let f(s) = s**2 + 4013*s - 16082. Calculate f(4).
-14
Let y(m) = m**3 - 232*m**2 + 1552*m + 160. Determine y(7).
-1
Let r(t) = -6*t**3 - 241*t**2 + 1020*t + 374. Determine r(-44).
22
Let g(d) = 764*d**2 - 1132*d + 215. Give g(1).
-153
Let i(l) = -64*l**2 - 792*l - 3173. What is i(-4)?
-1029
Let r(i) = -1359*i + 6796. Give r(5).
1
Let g(p) = p**2 - 193*p + 9321. What is g(99)?
15
Let q(p) = 4*p**2 + 114*p + 366. Determine q(29).
7036
Let w(k) = -3*k**3 + 24*k**2 - 21*k + 33. Give w(12).
-1947
Let m(k) = k**3 - 161*k**2 - 15*k + 2409. Calculate m(161).
-6
Let r(a) = 2*a**3 - 42*a**2 + 46*a - 1251. Give r(22).
729
Let c(o) = -2*o**3 - 107*o**2 - 203*o + 13. Determine c(-2).
7
Let r(s) = 4*s**2 - 37*s - 44381. What is r(110)?
-51
Let s(o) = 62*o + 4838. Determine s(-88).
-618
Let h(y) = -y**3 - 48*y**2 - 88*y + 441. Determine h(-46).
257
Let q(a) = 64013*a + 25413154. Calculate q(-397).
-7
Let x(m) = m**3 + 383*m**2 - 17383*m + 37. What is x(41)?
78
Let m(y) = -y**3 - 58*y**2 - 56*y - 6800. Calculate m(-59).
-15
Let c(x) = 2*x**3 + 183*x**2 + 272*x + 92. Give c(-90).
-88
Let c(m) = -6872*m - 7247. Calculate c(-1).
-375
Let w(d) = 16*d**3 + 2*d**2 + 24*d + 34. Give w(-5).
-2036
Let w(h) = h**3 - 44*h**2 - 370*h - 2374. Determine w(52).
18
Let k(t) = -11506*t + 80603. Give k(7).
61
Let t(w) = 5*w**2 - 58646*w + 1229357. Calculate t(21).
-4
Let f(j) = -10*j**2 - 107*j + 248. Give f(-12).
92
Let x(c) = -11640*c + 58197. Calculate x(5).
-3
Let p(t) = 2*t**2 - 79*t - 15743. Calculate p(-71).
-52
Let x(j) = -266986*j + 2135895. Calculate x(8).
7
Let n(t) = 2*t**2 - 157*t + 950. What is n(72)?
14
Let t(f) = 13*f**3 - 46*f**2 - 145*f - 70. Calculate t(6).
212
Let b(y) = -4*y**3 + 753*y**2 - 341*y + 28769. What is b(188)?
5
Let p(r) = -r**3 - 232*r**2 + 365*r - 79810. What is p(-235)?
90
Let y(a) = a**3 + 18*a**2 + 10*a - 105. What is y(-9)?
534
Let w(p) = -39*p**2 - 370*p + 7. Give w(-10).
-193
Let o(v) = 13788*v**2 + 358486*v - 55. Give o(-26).
-3
Let w(x) = -5*x**3 + 4031*x**2 - 24020*x + 56. Give w(6).
-28
Let i(q) = -3*q**2 - 46*q + 4086. Determine i(-46).
-146
Let l(z) = -9988*z**2 - 49952*z - 48. Give l(-5).
12
Let v(r) = -449*r**2 + 14*r - 433. Give v(0).
-433
Let j(c) = 57*c + 497. Calculate j(1).
554
Let r(t) = 35*t**2 + 1335*t + 5343. Calculate r(-4).
563
Let h(t) = -t**3 + t**2 - 367*t + 1491. Calculate h(4).
-25
Let p(i) = -i**3 - 25*i**2 - 68*i - 170. Determine p(-16).
-1386
Let w(t) = 7641*t - 221626. What is w(29)?
-37
Let p(c) = 545*c - 26314. Calculate p(48).
-154
Let r(w) = 92622*w - 926182. Calculate r(10).
38
Let n(f) = 4*f**2 + 2286*